culate the remainder when 1501614 is divided by 107226.
450
Calculate the remainder when 263820 is divided by 596.
388
Calculate the remainder when 6218591 is divided by 91448.
127
What is the remainder when 498276 is divided by 510?
6
Calculate the remainder when 179444 is divided by 73.
10
Calculate the remainder when 3055082 is divided by 1702.
1694
What is the remainder when 430367 is divided by 8436?
131
Calculate the remainder when 31788 is divided by 7054.
3572
Calculate the remainder when 16826 is divided by 50.
26
Calculate the remainder when 583676 is divided by 1213.
223
What is the remainder when 388448 is divided by 129403?
239
Calculate the remainder when 240469 is divided by 16022.
139
Calculate the remainder when 52087 is divided by 4300.
487
Calculate the remainder when 43986422 is divided by 183.
176
What is the remainder when 170698 is divided by 15478?
440
Calculate the remainder when 162026 is divided by 643.
633
Calculate the remainder when 2257330 is divided by 86816.
114
What is the remainder when 452049 is divided by 452041?
8
Calculate the remainder when 284299772 is divided by 68539.
0
Calculate the remainder when 12788 is divided by 12780.
8
What is the remainder when 31111 is divided by 1150?
61
Calculate the remainder when 13366 is divided by 3353.
3307
Calculate the remainder when 30176319 is divided by 2514692.
15
What is the remainder when 364584 is divided by 355?
354
Calculate the remainder when 56518 is divided by 376.
118
Calculate the remainder when 5794125 is divided by 724265.
5
What is the remainder when 22244008 is divided by 96713?
18
What is the remainder when 1869342 is divided by 1868535?
807
What is the remainder when 67500126 is divided by 22500035?
21
What is the remainder when 119997 is divided by 4783?
422
What is the remainder when 5422950 is divided by 769?
731
Calculate the remainder when 5494025 is divided by 176.
9
Calculate the remainder when 270480825 is divided by 35.
20
What is the remainder when 43077 is divided by 1335?
357
Calculate the remainder when 285215 is divided by 1378.
1347
What is the remainder when 67190 is divided by 9584?
102
What is the remainder when 812067 is divided by 135296?
291
What is the remainder when 245893 is divided by 245837?
56
What is the remainder when 665781 is divided by 221899?
84
Calculate the remainder when 30577754 is divided by 56.
18
Calculate the remainder when 246450 is divided by 122762.
926
What is the remainder when 59220 is divided by 14800?
20
What is the remainder when 27830 is divided by 5525?
205
What is the remainder when 114979 is divided by 504?
67
Calculate the remainder when 228598 is divided by 45037.
3413
What is the remainder when 13985852 is divided by 2977?
2883
What is the remainder when 24947404 is divided by 12953?
12879
What is the remainder when 19392087 is divided by 2867?
2566
What is the remainder when 161387 is divided by 53056?
2219
Calculate the remainder when 1627090 is divided by 1627079.
11
What is the remainder when 13106099 is divided by 80403?
410
Calculate the remainder when 1238013 is divided by 1497.
1491
What is the remainder when 418584 is divided by 268?
236
What is the remainder when 264578741 is divided by 47?
43
What is the remainder when 196875 is divided by 278?
51
What is the remainder when 10298015 is divided by 1220?
1215
What is the remainder when 584240 is divided by 120?
80
Calculate the remainder when 2025698 is divided by 506367.
230
Calculate the remainder when 741247 is divided by 39008.
95
Calculate the remainder when 4053698 is divided by 506711.
10
What is the remainder when 243303 is divided by 239796?
3507
What is the remainder when 13081314 is divided by 243?
138
Calculate the remainder when 23458086 is divided by 388.
382
Calculate the remainder when 190067167 is divided by 47516791.
3
Calculate the remainder when 22911839 is divided by 224.
223
Calculate the remainder when 52627 is divided by 798.
757
What is the remainder when 6173020 is divided by 799?
745
Calculate the remainder when 205661 is divided by 1435.
456
Calculate the remainder when 45518155 is divided by 30.
25
Calculate the remainder when 20806 is divided by 5902.
3100
Calculate the remainder when 6385688 is divided by 7111.
10
Calculate the remainder when 152892 is divided by 565.
342
What is the remainder when 1781064 is divided by 12283?
29
Calculate the remainder when 2674712 is divided by 1337354.
4
What is the remainder when 180704 is divided by 2771?
589
What is the remainder when 968041 is divided by 69099?
655
What is the remainder when 562019 is divided by 905?
14
Calculate the remainder when 1754480 is divided by 3917.
3581
Calculate the remainder when 134979 is divided by 588.
327
What is the remainder when 55228065 is divided by 726685?
5
Calculate the remainder when 129148 is divided by 35.
33
What is the remainder when 14007905 is divided by 67?
14
Calculate the remainder when 20851 is divided by 18257.
2594
Calculate the remainder when 2146494 is divided by 2766.
78
What is the remainder when 4023285 is divided by 191584?
21
What is the remainder when 162727 is divided by 54240?
7
Calculate the remainder when 136086 is divided by 1915.
121
Calculate the remainder when 619084 is divided by 5830.
1104
Calculate the remainder when 13112458 is divided by 23927.
462
Calculate the remainder when 3504087 is divided by 53092.
15
Calculate the remainder when 1391565 is divided by 278304.
45
What is the remainder when 4123279 is divided by 17252?
51
Calculate the remainder when 142319 is divided by 598.
593
Calculate the remainder when 13291 is divided by 6605.
81
What is the remainder when 9754310 is divided by 2191?
2169
What is the remainder when 347947226 is divided by 19?
17
Calculate the remainder when 81917694 is divided by 268.
10
What is the remainder when 3439936 is divided by 3439932?
4
Calculate the remainder when 4100722 is divided by 2689.
2686
What is the remainder when 20194924 is divided by 59?
50
Calculate the remainder when 939567 is divided by 312785.
1212
Calculate the remainder when 204590 is divided by 769.
36
What is the remainder when 584291 is divided by 12?
11
What is the remainder when 160945 is divided by 2037?
22
What is the remainder when 12418553 is divided by 392?
385
Calculate the remainder when 2131473 is divided by 351.
201
What is the remainder when 2525066 is divided by 8830?
8516
What is the remainder when 1723037 is divided by 28717?
17
What is the remainder when 2458336 is divided by 72?
40
Calculate the remainder when 144773 is divided by 1177.
2
What is the remainder when 353776 is divided by 32143?
203
What is the remainder when 1083046 is divided by 1049?
478
Calculate the remainder when 7200769 is divided by 1081.
228
What is the remainder when 12339836 is divided by 91?
54
Calculate the remainder when 72900662 is divided by 72900640.
22
Calculate the remainder when 482930 is divided by 179.
167
What is the remainder when 346158 is divided by 31467?
21
Calculate the remainder when 1956358 is divided by 293.
290
Calculate the remainder when 3333802 is divided by 14247.
4
What is the remainder when 716624 is divided by 104?
64
Calculate the remainder when 15361962 is divided by 80010.
42
What is the remainder when 510793 is divided by 255367?
59
Calculate the remainder when 7505588 is divided by 3752749.
90
What is the remainder when 15296333 is divided by 443?
429
What is the remainder when 93166 is divided by 5807?
254
What is the remainder when 5197 is divided by 573?
40
Calculate the remainder when 12333185 is divided by 7.
4
What is the remainder when 41789 is divided by 20799?
191
What is the remainder when 12714163 is divided by 157?
146
Calculate the remainder when 143285 is divided by 1936.
21
Calculate the remainder when 330611 is divided by 762.
665
What is the remainder when 214213750 is divided by 1146?
1138
What is the remainder when 1167646 is divided by 110?
106
Calculate the remainder when 4251139 is divided by 39.
22
What is the remainder when 80383220 is divided by 97?
96
Calculate the remainder when 656338885 is divided by 10786.
10785
What is the remainder when 127170 is divided by 253?
164
Calculate the remainder when 531266 is divided by 